 q be u(9). Let m = 9 - q. Let f = m + 31. What is the remainder when f is divided by 13?
11
Suppose -28 = -5*t + 3*o - 12, -3*t - 5*o = 4. Suppose 4*n = g - 17, 3*n + 42 = t*g + 2*g. What is the remainder when g is divided by 5?
4
Let q = 618 - 438. Calculate the remainder when q is divided by 38.
28
Let s = -70 - -111. Calculate the remainder when s is divided by 21.
20
Let v(a) = 2*a + 30. Let g be v(-13). Suppose 2*n - g = -0*n. Calculate the remainder when 6 is divided by n.
0
Suppose 0 = -15*f - 2*f + 612. What is the remainder when 466 is divided by f?
34
Let q(n) = -n + 1. Let c(k) = -k**3 + 5*k**2 - k - 4. Suppose -20 = -4*r + 2*t, -32 = -0*r - 4*r + 5*t. What is the remainder when c(r) is divided by q(-2)?
2
Suppose 0*l - 84 = -3*l. Let n = 79 - 73. What is the remainder when l is divided by n?
4
Suppose 0 = 5*c + 5*u - 505, -5 + 2 = u. Calculate the remainder when c is divided by 21.
20
Let t be 55/(-3) + (-1)/(-3). Let w = t + 48. Suppose 112 = -17*u + 31*u. Calculate the remainder when w is divided by u.
6
Suppose -15 - 54 = -3*m. Let h = 8 + -33. Let z = h - -37. Calculate the remainder when m is divided by z.
11
Suppose 22 = m + 6. Calculate the remainder when 209 is divided by m.
1
Let l(x) = 12*x + 1. Let h be l(-15). Let a = -123 - h. Let m = a + -30. Calculate the remainder when m is divided by 10.
6
Let b = 30 - 15. Let x(i) = -i**2 - 20*i - 7. Let k be x(-16). Suppose -b = -l + k. What is the remainder when l is divided by 25?
22
Suppose -164 = -6*f - 44. Suppose 0*z = 3*z - 234. Calculate the remainder when z is divided by f.
18
Let l = 724 + -711. Let z(a) = -a**2 + 7*a - 4. Let f be z(6). Let x = f - -6. Calculate the remainder when l is divided by x.
5
What is the remainder when 43 is divided by -11 + 108/60*15?
11
Let w be (-2 + 2)*1/(-2). Suppose w = -2*u + 11 + 1. Calculate the remainder when 22 is divided by u.
4
Calculate the remainder when 9 + (-1554)/(-49) + 4/14 is divided by (-600)/(-42) + 2/(-7).
13
Suppose 5*c - 26 = 4*m, -4*m = -3*c - 0*c + 22. Let v(y) = 6*y - 6. What is the remainder when 41 is divided by v(c)?
5
Let k be ((-20)/(-10))/(2/4*-2). Let y be 1/2 + 34/(-4). What is the remainder when 35 is divided by (-3)/(k/(-2 - y))?
8
Let b = 17 + -17. Let x(p) = p + 6. Let k be x(b). Suppose -k*r + 100 = -r. Calculate the remainder when 79 is divided by r.
19
Suppose 48*w = 1560 - 600. What is the remainder when 197 is divided by w?
17
Suppose -3*l + 30 - 111 = 0. Let k = -20 - l. Suppose k*f - 165 = 2*f. Calculate the remainder when f is divided by 12.
9
Let s(u) = 28*u - 4. Let g(v) = -19*v + 3. Let w(k) = -7*g(k) - 5*s(k). Let f be w(7). Let c = f - -124. Calculate the remainder when c is divided by 19.
17
What is the remainder when 149 is divided by 1027/39 - (3/9 + 1)?
24
Suppose -p + l = -109, p - 11 = -3*l + 94. What is the remainder when p is divided by (-1)/2*(1 + -57)?
24
Let n(z) = -13*z + 15*z + 1 - 15*z - 40*z. What is the remainder when n(-1) is divided by (14/(-4))/(4/(-16))?
12
Let y(c) = c + 1. Let f be y(5). Suppose -3*w + 48 = f. What is the remainder when 69 is divided by w?
13
Calculate the remainder when 74 is divided by 1/4*(28 + 0/(-15)).
4
Suppose 63*x - 64*x - 2*l + 29 = 0, -2*l = -2*x + 58. Calculate the remainder when 255 is divided by x.
23
Suppose -3*l + 5*k = 2 + 14, -29 = -3*l - 4*k. Suppose -4*c + z = -13, l*c = -c + 3*z + 15. What is the remainder when 10 is divided by c?
1
Let g(a) = -179*a - 3. What is the remainder when g(-1) is divided by 73?
30
Let g(y) = y**2 + 3*y + 26. Calculate the remainder when g(-4) is divided by 12.
6
Suppose 5*j + 3*k - 26 = 2*k, -2*j + 5*k = -5. Let r = -107 + 111. What is the remainder when j is divided by r?
1
Suppose -3*i + 75 = 2*z, 6*i - 140 = -4*z + 10*i. What is the remainder when 66 is divided by z?
30
Suppose -x + 3*s - 1 = -0*x, -5*x = -4*s - 17. Suppose x*b = -20, b - 2 = 2*w + 2*b. Calculate the remainder when 35 is divided by (w/2)/(10/360).
17
Suppose -5*w + 2*t + 16 + 5 = 0, 4*t - 8 = 0. Suppose -w*j - 180 = -4*j. What is the remainder when 52 is divided by 1/2*j/(-5)?
16
Let y(f) = -2*f - 22. Let q be y(-13). Suppose 3*a = -q*r + 31, -11 = a - 0*r - 4*r. Calculate the remainder when 9 is divided by a.
4
Suppose 0 = -5*r + 3*c - 135, 3*c - 16 = r + 11. Let t = -17 - r. Calculate the remainder when 27 is divided by t.
7
Suppose 0 = w - 13 - 0. Let v(p) = -12*p**2 + 348*p + 12. Calculate the remainder when w is divided by v(29).
1
Suppose -q = -3*q + 20. Let i = -685 - -701. Calculate the remainder when i is divided by q.
6
Let p be (-2)/((-6)/9) - -291. Suppose -4*b = 86 - p. Calculate the remainder when b is divided by 168/7 + (3 - 9).
16
Suppose 4*l = 5*m - 6*m - 94, 2*m + 248 = 4*l. Let b = 152 + m. What is the remainder when b is divided by 7?
3
Suppose 0 = -3*h - 20 - 43. Let s = -4 - h. What is the remainder when 65 is divided by s?
14
Let w(p) = -4*p**3 - 2*p - 2. Let k be w(-1). What is the remainder when 56 is divided by 47/k - 2*2/(-16)?
8
Let k = 642 + -373. Calculate the remainder when k is divided by 54.
53
Let s(f) be the third derivative of f**5/20 + 7*f**4/24 + f**3 - f**2. Let g be 5/15 - 16/3. Calculate the remainder when s(g) is divided by 16.
14
Suppose 2*q = -0*q + 10. Let h(g) = 2*g**3 - 5*g**2 - 11*g + 4. What is the remainder when h(q) is divided by 21?
11
Suppose 5*s + 2*r + r - 31 = 0, -36 = -3*s + 4*r. Suppose -s*g + 3*g = -135. What is the remainder when 77 is divided by g?
23
Let s = -560 + 564. What is the remainder when 86 is divided by s?
2
Suppose -24*p + 2 = -d - 29*p, 0 = -d - 3*p + 4. What is the remainder when 610 is divided by d?
12
Let n = 1092 + -1066. Suppose i - c - 13 = 0, 15 = 3*i + 2*c - 4. What is the remainder when n is divided by i?
8
Calculate the remainder when 136 is divided by (-7 + 0)*5*(-1 - 0).
31
Suppose m - 1 = 0, -3*g - 2*m + 86 + 9 = 0. Calculate the remainder when g is divided by 16/(16/(-4)) - -21.
14
Let n = -258 - -275. What is the remainder when 98 is divided by n?
13
Suppose 0 = -39*m + 24*m + 735. Calculate the remainder when m is divided by 26.
23
Suppose -q = 2*m - 89, -17 = -m - 5*q + 14. What is the remainder when m is divided by 45?
1
Let n be 12 - (-4 + 24/3). Suppose 0 = m - 8 - n. What is the remainder when 47 is divided by m?
15
Let p(t) = 2*t**2 - 38*t + 21. Suppose 6*m - 5*m - 8 = 0. What is the remainder when p(19) is divided by m?
5
Suppose 44 = 3*v - 4*d, v + 306*d - 311*d = 33. What is the remainder when (-234)/(-5) - 1/(-5) is divided by v?
7
Suppose -j = j. Let y(u) = u**2 + 2*u + 13. Suppose 0 = -15*d + 112 + 653. What is the remainder when d is divided by y(j)?
12
What is the remainder when 340 is divided by ((-266)/49)/((-8)/28)?
17
Let j(s) = -52*s + 3. Let p = 9713 + -9660. What is the remainder when j(-5) is divided by p?
51
Let o(k) = -k**2 + 2*k + 209. Let h be o(0). Suppose 0 = 213*u - h*u - 172. What is the remainder when u is divided by 15?
13
Let n = -196 + 222. Calculate the remainder when n is divided by 9.
8
Let b be 1/2 - 1/2. Suppose 5*y - 5*w - 50 = 0, y + 5*w - 3*w - 13 = b. Let r = 60 - 41. Calculate the remainder when r is divided by y.
8
Let n(o) = -o**3 + 5*o**2 - 4*o + 2. Let j be n(2). Suppose 9*z = j*z + 27. Let d = -18 + 41. Calculate the remainder when d is divided by z.
5
Let l = -497 - -609. Calculate the remainder when l is divided by 47.
18
Let u = -205 - -295. Calculate the remainder when u is divided by 19.
14
Let k = -305 - -327. Calculate the remainder when 241 is divided by k.
21
Let i(a) = -a**2 + 5*a + 22. Let c be i(7). Suppose 4*b - 6*b = -c. Calculate the remainder when 4 is divided by b.
0
Suppose -5*i + y = -24, -7*i + 32 = -2*i - 3*y. Let q = 55 + -33. Calculate the remainder when q is divided by i.
2
Let v = -51 + 53. Suppose -4*z + 8*z = -5*u + 90, 3*u - v*z - 32 = 0. Calculate the remainder when 81 is divided by u.
11
Suppose 4*d - 5*v - 25 = 40, -4*v = 5*d - 71. Calculate the remainder when 64 is divided by d.
4
Let i be ((-16)/(-6))/((-8)/60). Let k = -12 - i. Suppose -3 = -10*q + 27. Calculate the remainder when k is divided by q.
2
Let n = 34 - 20. Let f = -21 - -103. What is the remainder when f is divided by n?
12
Calculate the remainder when 110 is divided by 36 - (-5 - (-1 - 5 - -2)).
3